, 23
Suppose 13*v - 718 = -185. Let z = v - -70. List the prime factors of z.
3, 37
Let t(z) = -7 - 11*z - z**2 - z**3 + 8*z - 2. Let c be t(-6). Suppose -4*n + h = 2*h - c, -5*n = -3*h - 232. List the prime factors of n.
47
Suppose b + 77 = 5*g, 9*g - 17 = 7*g + 5*b. Suppose 955 + 1669 = g*c. List the prime factors of c.
2, 41
Suppose -a - 6*a = 357. Let d = -47 - a. Suppose -34 = -2*g - d*s, -2*g + s + 51 = g. What are the prime factors of g?
17
Suppose 5*t - 108 = 2*t. Suppose -4*o + 99*l - 104*l = -339, 0 = 2*l - 6. Let m = t + o. What are the prime factors of m?
3, 13
Suppose -697*q = -696*q - 12417. What are the prime factors of q?
3, 4139
What are the prime factors of (575/20)/(50/49440)?
2, 3, 23, 103
Let o(h) = h - 6. Let l be o(9). Let d be (-410)/40 + 13 + 6/(-8). Suppose -878 = -5*k + 18*q - 16*q, l*q + 360 = d*k. List the prime factors of k.
2, 3, 29
What are the prime factors of ((-20129346)/804)/((-5)/(-8) + -1)?
2, 16691
Let c(i) = -i**3 - 10*i**2 - 11. Let n be c(-10). What are the prime factors of (3/15*16)/(n/(-275))?
2, 5
Let z = -2308 + 2316. Let l(s) be the third derivative of 7*s**4/12 - s**3/6 - 2*s**2. List the prime factors of l(z).
3, 37
List the prime factors of 1020*((-676)/78 - -23).
2, 5, 17, 43
Suppose -6576 = -730*s + 726*s. Suppose -s = -7*i - 293. List the prime factors of i.
193
Let g = 81 - -11. Let h = g + 49. What are the prime factors of h?
3, 47
Let g be 61/(-14)*-2 - 84/(-294). Suppose 5648 = 7*o + g*o. Let y = -203 + o. What are the prime factors of y?
2, 3, 5
Let f(o) = -3*o**3 + 12*o**2 - 2*o - 10. Let t be f(-5). Let n = t - 330. Suppose 3*c - 220 = -5*v, -2*c + n = 3*c + 4*v. List the prime factors of c.
5, 13
Let q(o) = -25*o + 29. Let k(x) = -3. Let l(s) = 4*k(s) + q(s). What are the prime factors of l(-21)?
2, 271
Suppose -3*q + 12 = 0, 3*q - 4 = 2*r + q. Suppose 4*h - 1284 = -4*p, -h = -4*h - r*p + 967. What are the prime factors of h?
5, 13
Suppose -2*k + 1199 - 253 = q, 5*k - 1889 = -2*q. Suppose -46*v - q = -48*v. List the prime factors of v.
2, 7, 17
Let q = -9912 + 18065. List the prime factors of q.
31, 263
Suppose 3*s = 2295 - 555. Let m = s + -336. List the prime factors of m.
2, 61
Let c = 7 + 6. Let w = c - 10. What are the prime factors of 170 - (w - (1 - -3))?
3, 19
Suppose -24 = -8*h + 2*h. Suppose -174 = h*l - 194. Suppose 2*p - l*w - 202 = 0, p + 0*p = 3*w + 99. What are the prime factors of p?
3, 37
Suppose 3*p = 3*y + 4068, 150*y - 146*y + 6773 = 5*p. List the prime factors of p.
19, 71
Let b be (-5)/30 - (-31)/6. Let z be (b/(15/(-3)))/(2/(-428)). Suppose 4*a = -3*r + z, 3*a = -r - r + 161. What are the prime factors of a?
5, 11
What are the prime factors of (0 - (-1080224)/22) + 528/(-5808)?
3, 13, 1259
Suppose -7*d = -295 + 43. What are the prime factors of (-2910)/d*18/(-3)?
5, 97
Let d = 56 - 51. Suppose -3*q + d*q - 85 = -5*u, q - 34 = -2*u. List the prime factors of u.
17
Let p be (18/12)/((-3)/(-6)). Suppose -5*h - 16 = -4*f + p*f, -3*f + 12 = -3*h. List the prime factors of 205*((-69)/(-90) - h/(-18)).
3, 41
Let n(k) = -2*k - 30. Let p be n(-17). Let y(j) = p*j + 288*j**2 + 2 + 0 - 282*j**2. List the prime factors of y(-3).
2, 11
Suppose 2*j = 2*t - 28, 2*t - 60 = -3*t + 3*j. Let z be -10 + t + (5 - 1). Suppose z*r - 8*r = -375. What are the prime factors of r?
3, 5
Suppose 4*j + j = -20, -2*w + j = -9736. What are the prime factors of w?
2, 3, 811
Let j be 52 - (-3 + (-4)/(-1)). Suppose j + 181 = 8*q. Let b = q - 26. List the prime factors of b.
3
Let h(t) = t**3 - 10*t**2 + 19*t - 24. Let a be h(8). Suppose 0 = -y - 5*g + 20, 44 = y - a*y - g. What are the prime factors of y?
2, 5
Suppose o - 4*z = -4 + 18, 13 = 2*o - 3*z. Suppose 782 = o*m - 232. List the prime factors of m.
3, 13
Suppose 21 = -2*v + 5*m, 2*m - 1 - 1 = 0. List the prime factors of (0 + (v - -9))*(357 - 1).
2, 89
Let p(m) = 4*m - 68. Let d be p(18). Suppose 0 = 3*y + 3*o - 340 - 290, 5*y - d*o = 1014. List the prime factors of y.
2, 103
Suppose -2*a = 6*a - 1800. Let o = 280 - -56. Let n = o - a. List the prime factors of n.
3, 37
List the prime factors of ((-18406)/8)/(876/(-48) + 18).
9203
Let n be 172 + (-1 + -2 - -1). Let g(k) = -k**3 + 20*k**2 + 15*k - 52. Let q be g(20). Let l = q - n. What are the prime factors of l?
2, 3, 13
Let l be (1 - 4)*(-38)/57. Suppose -3*c + 5*b + 354 + 513 = 0, -l*b + 1476 = 5*c. Suppose -7*z = -0*z - c. List the prime factors of z.
2, 3, 7
Suppose 4459595 = 6*p + 68*p - 27*p. What are the prime factors of p?
5, 7, 2711
Suppose 6464 = 3*p - 5*y, -10638 = 7*p - 12*p - 11*y. List the prime factors of p.
2143
Let p = -82 + 87. Suppose -2*h + 0 = -4, -q + p*h = 7. What are the prime factors of 246 - -3 - (q + -8)?
2, 127
Let w(s) = -s**3 - s**2 + 4*s - 2. Suppose -3*r + 2*u - u + 87 = 0, 6 = 2*u. Suppose -4*j + 5*n - r = -0*j, -23 = 5*j + n. What are the prime factors of w(j)?
2, 3, 13
Let k = 70 + -68. Suppose -n = k*a - 261, 2*n - 3 = n. Suppose -h = -5*h + w + a, -h = -2*w - 27. List the prime factors of h.
3, 11
Let r(k) = 6*k**2 + 33*k - 4. Suppose 3*b + 52 = -2*s, -5*b - 69 - 19 = 4*s. What are the prime factors of r(b)?
2, 251
Let q(m) = -9*m**3 - 6*m**2 - 2*m + 1. Let p be q(-2). Let a(w) = 22 + 3*w**2 - p*w + 19*w + w**3 + 11*w**2. What are the prime factors of a(-16)?
2, 3
Let g = 1475 + 3225. List the prime factors of g.
2, 5, 47
Suppose 371335 + 737 = 74*s. List the prime factors of s.
2, 3, 419
Let c(y) = -y**3 + 8*y**2 + 5*y - 17. Let a be c(8). Let i = a - 21. Suppose 68 = i*d - 0*d. List the prime factors of d.
2, 17
Let a = 2132 - 546. Let s = -1122 + a. List the prime factors of s.
2, 29
Let a = 97884 - 44458. List the prime factors of a.
2, 26713
Suppose -8549*p - 892998 = -8576*p. What are the prime factors of p?
2, 23, 719
Let a = 62739 + -27054. List the prime factors of a.
3, 5, 13, 61
Let c = -3642 - -9785. List the prime factors of c.
6143
Suppose 0 = -2*s - 26 - 8. Let p = s - -19. Suppose -f = -3, -49 = -g + p*f - 3*f. List the prime factors of g.
2, 23
Let y(c) = 6*c**2 + 4. Suppose 6*l - 10 = 8. Let b(v) = v**2. Let u(w) = l*y(w) - 15*b(w). What are the prime factors of u(5)?
3, 29
Let q(s) be the second derivative of -s**5/20 + 19*s**4/12 + 13*s**3/2 + 5*s**2/2 - 48*s - 1. What are the prime factors of q(12)?
1481
Suppose -145*w = 412*w - 23700350. List the prime factors of w.
2, 5, 23, 37
Suppose 0 = -v - 2*a + 238 - 1009, 0 = 4*v - 3*a + 3029. What are the prime factors of 4 + (5 + v)/(-4)?
193
Let t be 1/8 + 1270/80. Let n be 2 + t*5 + 1. Let r = 170 - n. What are the prime factors of r?
3, 29
Let t be (20/15)/((-2)/3) + 1. Let z be (6/(-4))/((-3)/(-10)*t). Suppose -z*y - 4*r = -929, 2*y + 0*r + 2*r - 372 = 0. List the prime factors of y.
5, 37
Let k = 157 + -157. What are the prime factors of (k - (12 - 0))*-2?
2, 3
Suppose -3*s = -g + 7247, -g + 7215 = -11*s + 12*s. List the prime factors of g.
31, 233
Let g be 134/26 + 10/(-65). Let p be (-12)/(-5)*g/2. Suppose 0*s - p = -3*s + t, t - 10 = -5*s. What are the prime factors of s?
2
Suppose -15 = -7*i + 6. Let s be i/(3 - -3)*2. List the prime factors of s/(-5) + (-9132)/(-60).
2, 19
Let u be 42/10*(-1 + 6). Let s(c) = -2*c**2 - 14*c + 9. Let j be s(-4). Suppose 2*w - w - j = -2*o, -2*o = -w + u. What are the prime factors of w?
3
Let s be -2*((-15)/(-6) + -2). Let a(n) = 162*n**2 - 1. What are the prime factors of a(s)?
7, 23
Suppose -131847 - 677073 = -6*a. List the prime factors of (-8)/(-10) + a/100.
19, 71
Suppose 2*u + 3*i = -168, 420 = -5*u + i - 6*i. What are the prime factors of ((-3)/2)/(90/(-120)) - u?
2, 43
Let r(c) = -592*c - 163. List the prime factors of r(-10).
3, 19, 101
Let s be (-5)/3 + (-768)/(-18) + 6. Suppose 2*b + 27 = -b. What are the prime factors of (-1 - 0)/(3/b) + s?
2, 5
Suppose -a = -2*m + 883, 7*a = 10*a - 5*m + 2647. Let i = a + 2229. List the prime factors of i.
2, 3, 5
Suppose 13*o + 3030 - 1041 = 0. What are the prime factors of o/3*(11 + -20)?
3, 17
List the prime factors of (-1)/(3/(-652))*29/12*9.
29, 163
Let v(g) = -g**3 - 21*g**2 + 2*g + 43. Let i be v(-21). Let d be (-4*33/48)/(i/12). What are the prime factors of d/55 + 3/(30/1136)?
113
Suppose x = 5*f - x + 931, x = -f - 189. Let u = 193 + f. List the prime factors of u.
2, 3
Suppose -2*f =